{"id":6635,"date":"2020-05-21T09:13:27","date_gmt":"2020-05-21T14:13:27","guid":{"rendered":"https:\/\/wp.stolaf.edu\/norwegian\/?page_id=6635"},"modified":"2023-06-07T08:29:33","modified_gmt":"2023-06-07T13:29:33","slug":"courses-fall-2021","status":"publish","type":"page","link":"https:\/\/wp.stolaf.edu\/norwegian\/courses-fall-2021\/","title":{"rendered":"Course Offerings: Fall 2021"},"content":{"rendered":"<div data-modular-content-collection><!-- begin-migrated-from-panel-builder -->\t\t\t<div\n\t\t\tclass=\"is-style-default site-section site-panel__accordion panel panel-accordion site-section__bg--default\"\n\t\t\tdata-depth=\"\"\n\t\t\tdata-js-panel=\"accordion\"\n\t\t>\n\t\n\t\t\t<div class=\"is-style-default site-section__inner l-wrapper \">\n\t\n\t\n\t\t\t\t\t<header class=\"is-style-default site-section__header\">\n\n\t\t\t\t<h2 class=\"is-style-default site-section__title h3\" id=\"course-offerings-fall-2021\" data-name=\"title\" data-livetext data-depth=\"0\" data-index=\"0\">Course Offerings Fall 2021<\/h2>\n\n\t\t\t<\/header>\n\t\t\n\t\n\t\n\t<div class=\"is-style-default site-grid site-grid__wrapper\">\n\n\t\t<div class=\"is-style-default site-grid__col\">\n\t\t\t\n<figure class=\"is-style-default c-caption\">\n\n\t\n\n\t\t\t<figcaption class=\"is-style-default t-content\" data-name=\"content\" data-index=\"0\" data-autop=\"true\" data-livetext>\n\t\t\t<p>Explore our upcoming courses.<\/p>\n<p><img loading=\"lazy\" decoding=\"async\" data-attachment-id=\"5641\" data-permalink=\"https:\/\/wp.stolaf.edu\/norwegian\/study-abroad-2\/oslo2\/\" data-orig-file=\"https:\/\/wp.stolaf.edu\/norwegian\/files\/2019\/01\/oslo2.jpg\" data-orig-size=\"2000,1000\" data-comments-opened=\"0\" data-image-meta=\"{&quot;aperture&quot;:&quot;0&quot;,&quot;credit&quot;:&quot;&quot;,&quot;camera&quot;:&quot;&quot;,&quot;caption&quot;:&quot;&quot;,&quot;created_timestamp&quot;:&quot;0&quot;,&quot;copyright&quot;:&quot;&quot;,&quot;focal_length&quot;:&quot;0&quot;,&quot;iso&quot;:&quot;0&quot;,&quot;shutter_speed&quot;:&quot;0&quot;,&quot;title&quot;:&quot;&quot;,&quot;orientation&quot;:&quot;1&quot;}\" data-image-title=\"oslo2\" data-image-description=\"\" data-image-caption=\"\" data-large-file=\"https:\/\/wp.stolaf.edu\/norwegian\/files\/2019\/01\/oslo2-1024x512.jpg\" class=\"is-style-default alignnone size-medium wp-image-5641\" src=\"https:\/\/wp.stolaf.edu\/norwegian\/files\/2019\/01\/oslo2-300x150.jpg\" alt=\"\" width=\"300\" height=\"150\" \/><\/p>\n<p><img loading=\"lazy\" decoding=\"async\" data-attachment-id=\"6432\" data-permalink=\"https:\/\/wp.stolaf.edu\/norwegian\/norw-232-intermediate-norwegian-ii\/flags\/\" data-orig-file=\"https:\/\/wp.stolaf.edu\/norwegian\/files\/2020\/04\/flags.jpg\" data-orig-size=\"1440,960\" data-comments-opened=\"0\" data-image-meta=\"{&quot;aperture&quot;:&quot;0&quot;,&quot;credit&quot;:&quot;&quot;,&quot;camera&quot;:&quot;&quot;,&quot;caption&quot;:&quot;&quot;,&quot;created_timestamp&quot;:&quot;0&quot;,&quot;copyright&quot;:&quot;&quot;,&quot;focal_length&quot;:&quot;0&quot;,&quot;iso&quot;:&quot;0&quot;,&quot;shutter_speed&quot;:&quot;0&quot;,&quot;title&quot;:&quot;&quot;,&quot;orientation&quot;:&quot;0&quot;}\" data-image-title=\"flags\" data-image-description=\"\" data-image-caption=\"\" data-large-file=\"https:\/\/wp.stolaf.edu\/norwegian\/files\/2020\/04\/flags-1024x683.jpg\" class=\"is-style-default alignnone size-medium wp-image-6432\" src=\"https:\/\/wp.stolaf.edu\/norwegian\/files\/2020\/04\/flags-300x200.jpg\" alt=\"\" width=\"300\" height=\"200\" \/><\/p>\n<p><img loading=\"lazy\" decoding=\"async\" data-attachment-id=\"5650\" data-permalink=\"https:\/\/wp.stolaf.edu\/norwegian\/study-abroad\/norway\/\" data-orig-file=\"https:\/\/wp.stolaf.edu\/norwegian\/files\/2019\/01\/norway-2.jpg\" data-orig-size=\"740,334\" data-comments-opened=\"0\" data-image-meta=\"{&quot;aperture&quot;:&quot;0&quot;,&quot;credit&quot;:&quot;&quot;,&quot;camera&quot;:&quot;&quot;,&quot;caption&quot;:&quot;&quot;,&quot;created_timestamp&quot;:&quot;0&quot;,&quot;copyright&quot;:&quot;&quot;,&quot;focal_length&quot;:&quot;0&quot;,&quot;iso&quot;:&quot;0&quot;,&quot;shutter_speed&quot;:&quot;0&quot;,&quot;title&quot;:&quot;&quot;,&quot;orientation&quot;:&quot;0&quot;}\" data-image-title=\"norway\" data-image-description=\"\" data-image-caption=\"\" data-large-file=\"https:\/\/wp.stolaf.edu\/norwegian\/files\/2019\/01\/norway-2.jpg\" class=\"is-style-default alignnone size-medium wp-image-5650\" src=\"https:\/\/wp.stolaf.edu\/norwegian\/files\/2019\/01\/norway-2-300x135.jpg\" alt=\"\" width=\"300\" height=\"135\" \/><\/p>\n\n\t\t<\/figcaption>\n\t\n<\/figure>\n\n\t\t<\/div>\n\t\t<div class=\"is-style-default site-grid__col\">\n\t\t\t<div class=\"is-style-default accordion site-panel__accordion-items\" data-depth=\"0\" data-name=\"accordions\" data-livetext role=\"tablist\" aria-multiselectable=\"true\" data-js=\"accordion\">\n            <article  class=\"is-style-default accordion__row site-panel__accordion-item \" role=\"tab\" aria-selected=\"false\" id=\"accordion-69ebe3ba466f0-header-0\" aria-controls=\"accordion-69ebe3ba466f0-content-0\">\n        \t\t<button\n\t\t\t\t\taria-expanded=\"false\"\n\t\t\t\t\tclass=\"is-style-default accordion__header site-panel__accordion-title clearfix\"\n\t\t\t\t\tdata-depth=\"0\"\n\t\t\t\t\tdata-index=\"0\"\n\t\t\t\t\tdata-name=\"title\"\n\t\t\t\t\tdata-livetext\n        \t\t>\n\t\t\t\t\t                    <span class=\"is-style-default accordion__header-inner\">\n\t\t\t\t\t\tNORW 111: Beginning Norwegian I \t\t\t\t\t<\/span>\n                <\/button>\n                <div\n\t\t\t\t\taria-labelledby=\"accordion-69ebe3ba466f0-header-0\"\n\t\t\t\t\t class=\"is-style-default accordion__content site-panel__accordion-content context-content t-content \"\t\t\t\t\tid=\"accordion-69ebe3ba466f0-content-0\"\n\t\t\t\t\trole=\"tabpanel\"\n\t\t\t\t\tdata-depth=\"0\"\n\t\t\t\t\tdata-index=\"0\"\n\t\t\t\t\tdata-autop=\"true\"\n\t\t\t\t\tdata-name=\"accordion_content\"\n\t\t\t\t\tdata-livetext\n                >\n\t\t\t\t\t                    <div class=\"is-style-default accordion__content-inner context-content\">\n\t\t\t\t\t\t<p class=\"is-style-default courseblockdesc\">Proficiency in a second language opens the door to another culture and another way of viewing the world. This course starts students on the road to achieving such a proficiency. Students begin learning to speak, understand, read, and write Norwegian and learn about Norwegian culture through the language. Offered annually in the fall semester.<\/p>\n                    <\/div>\n                <\/div>\n            <\/article>\n\n\t\t\t\n            <article  class=\"is-style-default accordion__row site-panel__accordion-item \" role=\"tab\" aria-selected=\"false\" id=\"accordion-69ebe3ba466f0-header-1\" aria-controls=\"accordion-69ebe3ba466f0-content-1\">\n        \t\t<button\n\t\t\t\t\taria-expanded=\"false\"\n\t\t\t\t\tclass=\"is-style-default accordion__header site-panel__accordion-title clearfix\"\n\t\t\t\t\tdata-depth=\"0\"\n\t\t\t\t\tdata-index=\"1\"\n\t\t\t\t\tdata-name=\"title\"\n\t\t\t\t\tdata-livetext\n        \t\t>\n\t\t\t\t\t                    <span class=\"is-style-default accordion__header-inner\">\n\t\t\t\t\t\tNORW 231: Intermediate Norwegian I \t\t\t\t\t<\/span>\n                <\/button>\n                <div\n\t\t\t\t\taria-labelledby=\"accordion-69ebe3ba466f0-header-1\"\n\t\t\t\t\t class=\"is-style-default accordion__content site-panel__accordion-content context-content t-content \"\t\t\t\t\tid=\"accordion-69ebe3ba466f0-content-1\"\n\t\t\t\t\trole=\"tabpanel\"\n\t\t\t\t\tdata-depth=\"0\"\n\t\t\t\t\tdata-index=\"1\"\n\t\t\t\t\tdata-autop=\"true\"\n\t\t\t\t\tdata-name=\"accordion_content\"\n\t\t\t\t\tdata-livetext\n                >\n\t\t\t\t\t                    <div class=\"is-style-default accordion__content-inner context-content\">\n\t\t\t\t\t\t<p>Students improve proficiency in listening, speaking, reading, and writing, with an emphasis on communication as well as improved grammatical accuracy. Reading and discussion of authentic literary and cultural texts allow students to expand their vocabulary and knowledge of the Norwegian way of life. Offered annually in the fall semester.<br \/>\n<strong>Prerequisite:<\/strong>\u00a0<a class=\"is-style-default bubblelink code\" title=\"NORW\u00a0112\" href=\"https:\/\/catalog.stolaf.edu\/search\/?P=NORW%20112\">NORW\u00a0112<\/a>\u00a0or equivalent<\/p>\n                    <\/div>\n                <\/div>\n            <\/article>\n\n\t\t\t\n            <article  class=\"is-style-default accordion__row site-panel__accordion-item \" role=\"tab\" aria-selected=\"false\" id=\"accordion-69ebe3ba466f0-header-2\" aria-controls=\"accordion-69ebe3ba466f0-content-2\">\n        \t\t<button\n\t\t\t\t\taria-expanded=\"false\"\n\t\t\t\t\tclass=\"is-style-default accordion__header site-panel__accordion-title clearfix\"\n\t\t\t\t\tdata-depth=\"0\"\n\t\t\t\t\tdata-index=\"2\"\n\t\t\t\t\tdata-name=\"title\"\n\t\t\t\t\tdata-livetext\n        \t\t>\n\t\t\t\t\t                    <span class=\"is-style-default accordion__header-inner\">\n\t\t\t\t\t\tNORW 244: The S\u00e1mi: Traditions in Transition \t\t\t\t\t<\/span>\n                <\/button>\n                <div\n\t\t\t\t\taria-labelledby=\"accordion-69ebe3ba466f0-header-2\"\n\t\t\t\t\t class=\"is-style-default accordion__content site-panel__accordion-content context-content t-content \"\t\t\t\t\tid=\"accordion-69ebe3ba466f0-content-2\"\n\t\t\t\t\trole=\"tabpanel\"\n\t\t\t\t\tdata-depth=\"0\"\n\t\t\t\t\tdata-index=\"2\"\n\t\t\t\t\tdata-autop=\"true\"\n\t\t\t\t\tdata-name=\"accordion_content\"\n\t\t\t\t\tdata-livetext\n                >\n\t\t\t\t\t                    <div class=\"is-style-default accordion__content-inner context-content\">\n\t\t\t\t\t\t<div class=\"is-style-default wp-embed wp-embed--lazy\">\n<div class=\"is-style-default wp-embed-wrap\">\n<figure class=\"is-style-default wp-embed-lazy wp-embed-lazy--low-res\" data-js=\"lazyload-embed\" data-embed-provider=\"youtube\" > \t<a href=\"https:\/\/youtu.be\/6xEEOK3R3II\" data-embed-href=\"https:\/\/www.youtube.com\/embed\/6xEEOK3R3II?autoplay=1&#038;autohide=1&#038;fs=1&#038;modestbranding=1&#038;showinfo=0&#038;controls=2&#038;autoplay=1&#038;rel=0&#038;theme=light&#038;vq=hd720\" class=\"is-style-default wp-embed-lazy__trigger\" data-js=\"lazyload-trigger\" title=\"NORW 244: The Sami: Traditions in Transition, Spring 2021\" data-embed-id=\"6xEEOK3R3II\"> \t\t<img decoding=\"async\" class=\"is-style-default wp-embed-lazy__image lazyload\" loading=\"lazy\" src=\"https:\/\/i.ytimg.com\/vi\/6xEEOK3R3II\/0.jpg\" alt=\"NORW 244: The Sami: Traditions in Transition, Spring 2021\" \/><figcaption class=\"is-style-default wp-embed-lazy__caption\"> \t\t\t<i class=\"is-style-default wp-embed-lazy__icon icon icon-play\"><\/i> \t\t\t<span class=\"is-style-default wp-embed-lazy__trigger-label\">Play Video<\/span> \t\t\t<span class=\"is-style-default wp-embed-lazy__title\">NORW 244: The Sami: Traditions in Transition, Spring 2021<\/span> \t\t<\/figcaption><\/a> <\/figure>\n<\/div>\n<\/div>\n<p><strong>\u00a0Course <\/strong><strong>Description: <\/strong>This interdisciplinary course explores the S\u00e1mi, an indigenous people living mainly in the northern parts of Norway, Sweden, Finland, and Russia. Students first place the S\u00e1mi in a historical-cultural context by examining the S\u00e1mi&#8217;s social and economic systems, religion, customs, and values. The major portion of the course examines the S\u00e1mi primarily from within: the S\u00e1mi will present themselves through their literature, film, music, and art. Taught in English. Offered periodically. Also counts toward linguistic studies concentration.<\/p>\n<p><span style=\"font-weight: 400;\"><br \/>\n<\/span><span style=\"font-weight: 400;\">Majors\/Concentrations: Norwegian, Nordic Studies, Race and Ethnic Studies, International Relations, Linguistic Studies, Russian Studies, Race and Ethnic Studies, Women&#8217;s &amp; Gender Studies GE: HBS, MCG, ORC\u00a0 w\/ Professor Kari Lie Dorer<\/span><\/p>\n<p style=\"margin-bottom: 1.35em;\">\n                    <\/div>\n                <\/div>\n            <\/article>\n\n\t\t\t\n            <article  class=\"is-style-default accordion__row site-panel__accordion-item \" role=\"tab\" aria-selected=\"false\" id=\"accordion-69ebe3ba466f0-header-3\" aria-controls=\"accordion-69ebe3ba466f0-content-3\">\n        \t\t<button\n\t\t\t\t\taria-expanded=\"false\"\n\t\t\t\t\tclass=\"is-style-default accordion__header site-panel__accordion-title clearfix\"\n\t\t\t\t\tdata-depth=\"0\"\n\t\t\t\t\tdata-index=\"3\"\n\t\t\t\t\tdata-name=\"title\"\n\t\t\t\t\tdata-livetext\n        \t\t>\n\t\t\t\t\t                    <span class=\"is-style-default accordion__header-inner\">\n\t\t\t\t\t\tNORW 253: Advanced Conversation &amp; Comprehension \t\t\t\t\t<\/span>\n                <\/button>\n                <div\n\t\t\t\t\taria-labelledby=\"accordion-69ebe3ba466f0-header-3\"\n\t\t\t\t\t class=\"is-style-default accordion__content site-panel__accordion-content context-content t-content \"\t\t\t\t\tid=\"accordion-69ebe3ba466f0-content-3\"\n\t\t\t\t\trole=\"tabpanel\"\n\t\t\t\t\tdata-depth=\"0\"\n\t\t\t\t\tdata-index=\"3\"\n\t\t\t\t\tdata-autop=\"true\"\n\t\t\t\t\tdata-name=\"accordion_content\"\n\t\t\t\t\tdata-livetext\n                >\n\t\t\t\t\t                    <div class=\"is-style-default accordion__content-inner context-content\">\n\t\t\t\t\t\t<p>Students gain insight into Norwegian identity and culture, expand vocabulary, and improve fluency and grammatical accuracy by reading a variety of texts and writing essays. Speaking assignments help students understand readings and become more effective speakers. Offered annually in the fall semester. Also counts toward management studies concentration.<br \/>\n<strong>Prerequisite:<\/strong>\u00a0<a class=\"is-style-default bubblelink code\" title=\"NORW\u00a0232\" href=\"https:\/\/catalog.stolaf.edu\/search\/?P=NORW%20232\">NORW\u00a0232<\/a>\u00a0or equivalent.<\/p>\n                    <\/div>\n                <\/div>\n            <\/article>\n\n\t\t\t\n            <article  class=\"is-style-default accordion__row site-panel__accordion-item \" role=\"tab\" aria-selected=\"false\" id=\"accordion-69ebe3ba466f0-header-4\" aria-controls=\"accordion-69ebe3ba466f0-content-4\">\n        \t\t<button\n\t\t\t\t\taria-expanded=\"false\"\n\t\t\t\t\tclass=\"is-style-default accordion__header site-panel__accordion-title clearfix\"\n\t\t\t\t\tdata-depth=\"0\"\n\t\t\t\t\tdata-index=\"4\"\n\t\t\t\t\tdata-name=\"title\"\n\t\t\t\t\tdata-livetext\n        \t\t>\n\t\t\t\t\t                    <span class=\"is-style-default accordion__header-inner\">\n\t\t\t\t\t\tNORST 277: Islamic Communities in Scandinavia\t\t\t\t\t<\/span>\n                <\/button>\n                <div\n\t\t\t\t\taria-labelledby=\"accordion-69ebe3ba466f0-header-4\"\n\t\t\t\t\t class=\"is-style-default accordion__content site-panel__accordion-content context-content t-content \"\t\t\t\t\tid=\"accordion-69ebe3ba466f0-content-4\"\n\t\t\t\t\trole=\"tabpanel\"\n\t\t\t\t\tdata-depth=\"0\"\n\t\t\t\t\tdata-index=\"4\"\n\t\t\t\t\tdata-autop=\"true\"\n\t\t\t\t\tdata-name=\"accordion_content\"\n\t\t\t\t\tdata-livetext\n                >\n\t\t\t\t\t                    <div class=\"is-style-default accordion__content-inner context-content\">\n\t\t\t\t\t\t                    <\/div>\n                <\/div>\n            <\/article>\n\n\t\t\t\n            <article  class=\"is-style-default accordion__row site-panel__accordion-item \" role=\"tab\" aria-selected=\"false\" id=\"accordion-69ebe3ba466f0-header-5\" aria-controls=\"accordion-69ebe3ba466f0-content-5\">\n        \t\t<button\n\t\t\t\t\taria-expanded=\"false\"\n\t\t\t\t\tclass=\"is-style-default accordion__header site-panel__accordion-title clearfix\"\n\t\t\t\t\tdata-depth=\"0\"\n\t\t\t\t\tdata-index=\"5\"\n\t\t\t\t\tdata-name=\"title\"\n\t\t\t\t\tdata-livetext\n        \t\t>\n\t\t\t\t\t                    <span class=\"is-style-default accordion__header-inner\">\n\t\t\t\t\t\tHIST 211: Vikings in Medieval Scandinavia\t\t\t\t\t<\/span>\n                <\/button>\n                <div\n\t\t\t\t\taria-labelledby=\"accordion-69ebe3ba466f0-header-5\"\n\t\t\t\t\t class=\"is-style-default accordion__content site-panel__accordion-content context-content t-content \"\t\t\t\t\tid=\"accordion-69ebe3ba466f0-content-5\"\n\t\t\t\t\trole=\"tabpanel\"\n\t\t\t\t\tdata-depth=\"0\"\n\t\t\t\t\tdata-index=\"5\"\n\t\t\t\t\tdata-autop=\"true\"\n\t\t\t\t\tdata-name=\"accordion_content\"\n\t\t\t\t\tdata-livetext\n                >\n\t\t\t\t\t                    <div class=\"is-style-default accordion__content-inner context-content\">\n\t\t\t\t\t\t<p>A survey of Nordic history from the time of the Viking expansion to the period of the Kalmar Union. Topics include Viking expansion and conquest; Nordic cultural and religious life; the coming of Christianity; the sagas and other literary sources; later medieval developments. Offered annually. Also counts toward medieval studies major and Nordic studies concentration.<\/p>\n                    <\/div>\n                <\/div>\n            <\/article>\n\n\t\t\t<\/div>\n\t\t<\/div>\n\n\t<\/div>\n\n\n\t\t\t\t\n\t\t\t<\/div>\n\t\n\t\t\t<\/div>\n\t\n<!-- end-migrated-from-panel-builder --><\/div>","protected":false},"excerpt":{"rendered":"","protected":false},"author":1647,"featured_media":5650,"parent":0,"menu_order":0,"comment_status":"closed","ping_status":"closed","template":"","meta":{"_acf_changed":false,"footnotes":""},"class_list":["post-6635","page","type-page","status-publish","has-post-thumbnail","hentry"],"acf":[],"jetpack_sharing_enabled":true,"_links":{"self":[{"href":"https:\/\/wp.stolaf.edu\/norwegian\/wp-json\/wp\/v2\/pages\/6635","targetHints":{"allow":["GET"]}}],"collection":[{"href":"https:\/\/wp.stolaf.edu\/norwegian\/wp-json\/wp\/v2\/pages"}],"about":[{"href":"https:\/\/wp.stolaf.edu\/norwegian\/wp-json\/wp\/v2\/types\/page"}],"author":[{"embeddable":true,"href":"https:\/\/wp.stolaf.edu\/norwegian\/wp-json\/wp\/v2\/users\/1647"}],"replies":[{"embeddable":true,"href":"https:\/\/wp.stolaf.edu\/norwegian\/wp-json\/wp\/v2\/comments?post=6635"}],"version-history":[{"count":41,"href":"https:\/\/wp.stolaf.edu\/norwegian\/wp-json\/wp\/v2\/pages\/6635\/revisions"}],"predecessor-version":[{"id":7464,"href":"https:\/\/wp.stolaf.edu\/norwegian\/wp-json\/wp\/v2\/pages\/6635\/revisions\/7464"}],"wp:featuredmedia":[{"embeddable":true,"href":"https:\/\/wp.stolaf.edu\/norwegian\/wp-json\/wp\/v2\/media\/5650"}],"wp:attachment":[{"href":"https:\/\/wp.stolaf.edu\/norwegian\/wp-json\/wp\/v2\/media?parent=6635"}],"curies":[{"name":"wp","href":"https:\/\/api.w.org\/{rel}","templated":true}]}}